 Calculate s(h).
-4
Let t(g) = 2*g**2 + 5*g - 44. Suppose -324*k + 320*k + 16 = 0. Determine t(k).
8
Let s(a) be the second derivative of -a**4/12 - 3*a**3/2 + 10*a**2 + 106*a - 3. Calculate s(-7).
34
Let b(j) = -17*j**2 + 8*j + 1. Let n(h) = 94*h**2 - 39*h - 3. Let y(s) = -11*b(s) - 2*n(s). Let x = 0 + -5. What is y(x)?
20
Let l = -11 - -11. Let u(x) = x**3 - x**2 - 6*x + 6. Let c(q) = 3*q**3 - 4*q**2 - 20*q + 20. Let m(g) = -2*c(g) + 7*u(g). Determine m(l).
2
Let d(m) = -m**3 - 4*m**2 - 2*m + 2. Suppose -9*x + 11 = 11. Suppose x = -9*w - 7*w - 32. Give d(w).
-2
Let a(f) = -272*f + 263*f - 23806 + 23844. Give a(0).
38
Let p be (-3)/(3 + 3 + -7). Suppose 0 = 11*v - 12*v + p. Let b(i) = -i**2 - i + 1. Let h(f) = -2*f**2 - 2*f + 16. Let d(n) = v*b(n) - h(n). Determine d(0).
-13
Let f(w) be the first derivative of w**3/6 - 2*w**2 + 51*w + 14. Let q(h) be the first derivative of f(h). Let m(d) = -d - 6. Let p be m(-13). Determine q(p).
3
Let b(c) = -c - 20. Let u be b(-19). Let l = u - -11. Let q(a) = -8*a - 4*a - l*a + 26*a. Determine q(-3).
-12
Let t(s) = -s**2 - s. Let h(x) = 3*x**2 + 3*x - 3. Let m(i) = h(i) + 4*t(i). Let y be 47 + 5457/(-119) - 8/7. Calculate m(y).
-3
Let j(x) = 3*x - 263 + 57 + 74 + 66 + 65. Suppose -3*z - 15 = 2*z. Let s = 6 + z. What is j(s)?
8
Let p = 3 - -1. Suppose -4 = -p*v + 4. Let m(n) be the second derivative of n**5/20 - n**3/6 - n**2/2 - 74665*n. Calculate m(v).
5
Let p(a) = -92*a**2 + 12*a - 11. Let h(r) = -76*r**2 + 11*r - 10. Let t(d) = 6*h(d) - 5*p(d). Calculate t(-3).
13
Let p(r) = r. Let v(w) = -7*w + 13. Let a(m) = m - 3. Let d(n) = 9*a(n) + 2*v(n). Let q(t) = d(t) + 3*p(t). Calculate q(2).
-5
Let w(z) be the third derivative of -5/3*z**3 - 3*z - 11/24*z**4 + 0 + 14*z**2 - 1/60*z**5. What is w(-7)?
18
Let m(n) = -2*n**3 + 3*n**2 - n - 1. Let y(g) = 13 - 48 - 8*g - 9*g - 5 - g**2. Let c be y(-3). Give m(c).
-7
Suppose 504*l - 4875 = -339. Let f(i) be the third derivative of i**6/120 - 2*i**5/15 - i**4/3 - 2*i**3 + i**2. Calculate f(l).
-3
Let a(n) = n + 16. Let i be ((-1)/5)/((-19)/95). Let p be (35/(-21))/(i/6). What is a(p)?
6
Suppose 2*q + p - 4 = -1, 0 = -3*q + p - 8. Let x be -9 + 8 + (q - -1). Let t(h) be the third derivative of 5*h**4/8 - h**3/6 + 23*h**2 - 2*h. Calculate t(x).
-16
Let l(b) be the second derivative of -21/2*b**2 - 1/12*b**4 - 4/3*b**3 - 47*b + 0. What is l(-5)?
-6
Let j(z) = z**2 - 40*z + 212. Let t(d) = 2*d**2 + 66*d - 346. Let w be t(-38). Give j(w).
8
Let g(o) = -3*o + 6. Let y be 118/(-2 - (-1)/(-3)*0). Let r = 65 + y. What is g(r)?
-12
Let r = 113 + -318. Let v = r + 210. Let n(b) = -b**3 + 6*b**2 - 5*b - 2. Determine n(v).
-2
Let g(m) = -31 - 59 + 18 + 9 + 8*m - 60. Determine g(17).
13
Let y(m) be the second derivative of -3*m**3/2 + 7*m**2 + 2*m - 180. Determine y(7).
-49
Let x(j) = 16*j + 41. Let b be x(-4). Let c(u) = -7*u + 3. Let t be c(4). Let k = b - t. Let o(y) = -y**2 - y + 2. What is o(k)?
-4
Let s(d) = -12*d - 13. Suppose 24 = -4*q - 0, -q = -5*p - 24. Calculate s(p).
59
Let p(u) be the third derivative of -u**6/120 - u**5/3 - 37*u**4/12 + 4*u**3/3 + 4327*u**2. Determine p(-5).
3
Let x(k) = 2*k**2 - 5. Let n(u) = u**2 - 3. Let v(j) = 5*n(j) - 3*x(j). Let p(f) = -2*f**2 + 4*f + 5. Let c(g) = -p(g) + v(g). What is c(4)?
-5
Let t(q) = 253*q - 3286. Let f be t(13). Let c(m) = -38*m + 42. Calculate c(f).
-72
Let n(s) = -59*s + 428. Let u(d) = -9558*d + 69325. Let v(j) = 649*n(j) - 4*u(j). Give v(8).
0
Suppose 0 = -2*c - 10, z + c - 19 = -2. Suppose 0 = 5*a + 18 + z. Let n(x) be the second derivative of x**4/12 + 4*x**3/3 + 311*x. Give n(a).
0
Suppose 16*z = 17*z + x - 27, 3*z + 5*x - 71 = 0. Suppose 2*i + 22 - z = 0. Let d(l) = l**3 - 4*l**2 - 5*l - 2. Give d(i).
-2
Let y(u) = -2*u - 11. Let i(r) = 3*r + 25. Let q(f) = -2*i(f) - 5*y(f). Determine q(-12).
-43
Suppose -2*j + z = -0*j - 8, 2 = 2*j + 2*z. Let v(i) = i**2. What is v(j)?
9
Let m(p) = 1098*p - 1091*p + 8*p**3 - 3 - 9*p**3. Give m(5).
-93
Let a(b) be the first derivative of b**7/840 + b**6/36 - b**5/12 + b**4/6 + 63*b**3 - 211. Let f(o) be the third derivative of a(o). Determine f(-11).
-7
Let y(p) = p**2 - 3. Let g = 615 - 615. Give y(g).
-3
Let k(y) be the third derivative of -y**5/60 - y**4/12 + 15*y**2 + 39. Let v(s) = 2*s + 3. Let f be v(-2). Let x = -3 + f. Determine k(x).
-8
Let z(d) = -d - 1. Let y = -1 + 3. Suppose -19*v = -4*v - 45. Suppose -y*t - 2*p - 20 = 0, -5*p = v*t - 6*t + 2. Determine z(t).
5
Let c = -3 - 2. Let q(g) = -g + 3. Suppose -17*a - 166 + 64 = 0. Let m(b) = 4*b - 23. Let x(i) = a*q(i) - m(i). Calculate x(c).
-5
Let q(g) = 15*g + 48. Let k be q(-3). Suppose -5*v + 3*n = -20, 3*v - n - k*n = 12. Let d(r) = -r**3 + 6*r**2 - r. Give d(v).
28
Let h(j) = -20 - 41 + 52 + j. What is h(0)?
-9
Let a(s) be the first derivative of s**3/3 - 2*s**2 - 16*s - 32103. Let l be (-2)/4 + 60/8. What is a(l)?
5
Let m(f) = 3*f + 6. Let o(y) = y**2 - 25*y + 48. Let u be o(23). Suppose 4*d + 18 = -u. Determine m(d).
-9
Let v(z) = 2 + 1 + 3 - 5. Let i(b) = -b - 3. Let k(j) = i(j) + 4*v(j). Suppose -30*p + 28*p - 4*x + 12 = 0, 3*p = -x + 3. Give k(p).
1
Let v(g) = 11*g**2 + 28*g - 131. Let y(c) = -13*c**2 - 28*c + 125. Let z(r) = 7*v(r) + 6*y(r). Give z(19).
4
Let o(x) be the third derivative of x**5/60 + 2*x**4/3 + 19*x**3/2 - 117*x**2 - 5. Calculate o(-16).
57
Let h be (-101)/(-5) + 2 + 2/(-10). Suppose -4*m - 2*k = h, 2*m = 5*k - 2*k - 7. Let l(i) = i**3 + 4*i**2 - 4*i + 4. Determine l(m).
-1
Let l(y) be the first derivative of -y**4/4 + 5*y**3/3 + 4*y**2 - 27*y + 2943. Give l(6).
-15
Suppose -22842*i = -22791*i. Let h(c) be the third derivative of 2*c**2 - 1/120*c**6 + 4/3*c**3 + i - 1/6*c**4 - 7/60*c**5 + 0*c. Calculate h(-6).
-4
Let u(m) = -m - 7. Let f be u(-13). Let i(v) = 0 + 4*v + 0 + f - 9. What is i(5)?
17
Let w(q) be the first derivative of 5/6*q**3 + 4*q**2 - 1/3*q**4 + 0*q - 1/60*q**5 - 2. Let s(c) be the second derivative of w(c). Calculate s(-8).
5
Let l(o) = -o**3 + o + 1. Let z be -10*6/20*-2. Suppose 5*b - 2*j = 3*b, -z = -2*b - j. Suppose 3*h + b*h = 3*h. Determine l(h).
1
Let p(d) = 471*d + 279. Let v(w) = 61*w + 35. Let s(y) = -12*p(y) + 93*v(y). Give s(4).
-9
Let i(a) be the third derivative of a**4/24 - a**3/3 + a**2. Let w = 347 + -342. Suppose -36*o = -k - 39*o - 10, 2*o - 15 = -w*k. Calculate i(k).
3
Let u(v) = 2*v + 13. Suppose 3*p = -3*o - 24, 4*p + 3*o = 58 - 87. Determine u(p).
3
Let i be 23*(-2 - -3) + (-8)/4. Suppose 0 = -7*g + i*g + 42. Let q(o) = -o**2 - 4*o. Calculate q(g).
3
Let g(z) = -34*z**3 - 10*z**2 - 31*z**3 + 14*z - 30*z**3 + 96*z**3 + 16. What is g(8)?
0
Let z(p) be the second derivative of -2*p**3/3 + 7*p. Let x be z(-1). Suppose 5*h + g + 45 = -2*g, 4*h + 4 = x*g. Let n(t) = 2*t + 5. What is n(h)?
-7
Let c(g) = 3*g - 8*g + 3*g - g**2 - 13 + 3*g. Let m(o) = -o**3 - 3*o**2 - o + 5. Let p be m(-3). Let f = p - 8. Calculate c(f).
-13
Let l(u) = -18*u + 3. Suppose 2*o - 72 = -s - 83, 4*s = 4*o + 4. Determine l(s).
57
Let x(r) = -2*r**2 - 7*r + 3. Let s(d) = -5*d**2 - 20*d + 8. Let l(i) = -3*s(i) + 8*x(i). Let m be (3 + -2)/(6/(-2166)). Let a = -358 - m. Calculate l(a).
3
Let y(c) be the first derivative of -13*c**2 + 237*c + 1899. Calculate y(9).
3
Let a(w) = -127339*w**2 + 63665*w**2 - 3*w - 4 + 63673*w**2 - 2*w**3. Calculate a(-1).
0
Let w(q) = -q**3 + 3*q**2 - 3*q + 5. Let x = 10692 + -10688. Calculate w(x).
-23
Let c(z) be the second derivative of 5*z**3/6 + 19*z**2/2 + 5*z + 108. What is c(9)?
64
Let f be (-1 + 2)/((-2)/26). Let q(h) = -178*h + 16. Let n(z) = -79*z + 9. Let o(v) = 9*n(v) - 4*q(v). Give o(f).
4
Let p(i) = -7*i**2 - 5*i + 19. Let s(u) be the first derivative of u**3 + u**2 - 9*u - 31. Let c(x) = 2*p(x) + 5*s(x). Calculate c(5).
18
Let r(c) = c**2 - 10*c + 21. Let i be r(7). Suppose -21*p = -63 - i. Let n(u) = u**2 + u + 1. Determine n(p).
13
Let q(s) be the first derivative of -3*s**2/2 - 3*s - 20. Suppose 5*k - 55 = -6*k. Let w(d) = d + 2. Let t(i) = k*w(i) + 3*q(i). What is t(2)?
-7
Let c(w) be the second derivative of -w**4/8 + w**3/6 - 19*w**2 - 133*w. Let f(u) be the first derivative of c(u). Determine f(-10).
31
Let j(q) = -5*q**2 - 4*q. Let d(s) = 70*s + 141. Let r be d(-2). What is j(r)?
-9
Let n(m) = 2*m**2 - m. Let u be n(2). Let z be 2